rime?
False
Is 26874400481 prime?
True
Is 69592543 prime?
False
Is 3642859589 a composite number?
False
Is 8435319551 prime?
True
Is 45256231 a prime number?
False
Is 18683391263 a prime number?
True
Is 296492532823 a prime number?
False
Is 5152804147 a prime number?
False
Is 479848261 a composite number?
False
Is 72064552093 prime?
True
Is 3021724921 composite?
True
Is 768788101 a prime number?
True
Is 3868893611 composite?
True
Is 28974877847 prime?
True
Is 31028004581 a prime number?
False
Is 3047216651 composite?
False
Is 139039312219 composite?
False
Is 3592367147 a composite number?
False
Is 56776739 prime?
False
Is 2236389629 a prime number?
True
Is 1715936203 prime?
False
Is 13072987099 prime?
False
Is 25743963781 a composite number?
True
Is 340192894 composite?
True
Is 3295837969 prime?
False
Is 98339208881 prime?
True
Is 62777230619 prime?
True
Is 2205530933 a prime number?
True
Is 3537242869 prime?
True
Is 12590068861 a prime number?
False
Is 45981857 prime?
True
Is 239041063 a prime number?
False
Is 1397652547 a composite number?
False
Is 21935609 a composite number?
False
Is 1986863789 a prime number?
True
Is 841378303 prime?
False
Is 30381309659 composite?
False
Is 11412577159 composite?
False
Is 18224682167 prime?
True
Is 40953705893 a prime number?
False
Is 2161632019 prime?
False
Is 1630376417 prime?
True
Is 39469868917 a prime number?
True
Is 82262753 a prime number?
True
Is 610065277 a prime number?
True
Is 38803117553 composite?
True
Is 2008934567 a composite number?
False
Is 65555397239 a composite number?
True
Is 51697929149 a composite number?
False
Is 32012181337 composite?
False
Is 957194585 prime?
False
Is 2283855983 a composite number?
False
Is 1490467903 a composite number?
False
Is 16997820419 composite?
False
Is 1662046667 a composite number?
True
Is 717122633 prime?
False
Is 1505236657 a prime number?
False
Is 21261316259 a composite number?
False
Is 242210821 prime?
False
Is 540523519 prime?
False
Is 25956011399 composite?
True
Is 2122528147 composite?
False
Is 6823836289 composite?
True
Is 2708482003 prime?
True
Is 3219848171 composite?
False
Is 9048184562 composite?
True
Is 14401958426 composite?
True
Is 297048313 composite?
True
Is 138377706373 a prime number?
True
Is 2472329513 a prime number?
False
Is 5242499407 a prime number?
False
Is 45281844557 a prime number?
True
Is 13636960247 prime?
False
Is 150426569 a prime number?
True
Is 3086831113 composite?
True
Is 82417308763 prime?
True
Is 18468823 prime?
True
Is 1876568929 prime?
False
Is 1450443863 a prime number?
False
Is 88731498491 a composite number?
True
Is 12292193 prime?
True
Is 24945907919 a prime number?
True
Is 55838321153 composite?
False
Is 437787499 a composite number?
False
Is 3770027357 a composite number?
False
Is 443273527 prime?
True
Is 3501803999 a prime number?
True
Is 47374698535 a composite number?
True
Is 50796349 composite?
False
Is 483177647 a prime number?
False
Is 232423222687 a prime number?
True
Is 58352865067 prime?
False
Is 3152320501 prime?
False
Is 3639091063 a composite number?
False
Is 2574040477 a composite number?
False
Is 529135939 a prime number?
True
Is 10427013749 a prime number?
True
Is 618049083 a composite number?
True
Is 7280646869 a composite number?
True
Is 26601288401 a prime number?
False
Is 7159371137 composite?
True
Is 107862347683 composite?
True
Is 70403537861 prime?
True
Is 2691685057 prime?
True
Is 20029442977 a prime number?
True
Is 3152496803 a composite number?
False
Is 3960798343 prime?
True
Is 165259417 prime?
False
Is 19909862503 composite?
False
Is 59133820489 prime?
True
Is 3903307795 a prime number?
False
Is 82067245997 composite?
True
Is 22172859861 a prime number?
False
Is 16269243203 a composite number?
True
Is 562047449 a prime number?
True
Is 2205157429 a composite number?
False
Is 273511681 composite?
False
Is 357052721 a composite number?
False
Is 81000629429 prime?
False
Is 7981168729 a composite number?
False
Is 111139269743 a composite number?
True
Is 2711374147 prime?
True
Is 21451860979 composite?
False
Is 13656963587 prime?
True
Is 210855481 composite?
False
Is 1229231473 composite?
True
Is 1455249877 composite?
True
Is 1063843579 composite?
False
Is 1854265099 a prime number?
False
Is 1774587817 composite?
True
Is 11188167731 a prime number?
False
Is 944790377 prime?
False
Is 520059679 prime?
False
Is 1433303749 a prime number?
True
Is 1837471501 a prime number?
False
Is 183942683 a prime number?
True
Is 609585929 a composite number?
True
Is 566670215 prime?
False
Is 27694480691 prime?
False
Is 2778605143 composite?
True
Is 268352519 prime?
False
Is 11036209169 prime?
True
Is 14938111271 a composite number?
False
Is 23149522103 prime?
False
Is 122177338 composite?
True
Is 831008317 a composite number?
True
Is 399736947 a prime number?
False
Is 248414239 a composite number?
False
Is 139438617517 composite?
False
Is 170689395599 a composite number?
False
Is 80029732235 composite?
True
Is 663830633 a prime number?
True
Is 202598366801 prime?
True
Is 20900303089 prime?
True
Is 21484336367 composite?
True
Is 2356935541 a composite number?
True
Is 70373739287 prime?
False
Is 14296901837 a prime number?
False
Is 525751609 prime?
True
Is 6766955927 a prime number?
False
Is 33777193839 prime?
False
Is 3183783517 composite?
False
Is 884080543 a composite number?
True
Is 169776821 a prime number?
True
Is 5141290922 a composite number?
True
Is 82199187751 a prime number?
True
Is 128420878277 a composite number?
False
Is 12854594811 composite?
True
Is 10630953455 prime?
False
Is 767132659 a composite number?
False
Is 27805047841 a prime number?
False
Is 6918656201 a prime number?
True
Is 218094593 prime?
False
Is 188511963287 composite?
False
Is 586454173 prime?
True
Is 642761897 prime?
False
Is 12903272777 a prime number?
False
Is 50173126271 a prime number?
False
Is 3002310613 composite?
False
Is 62644014179 prime?
False
Is 2169828121 a prime number?
True
Is 943619227 composite?
False
Is 299888882851 a prime number?
False
Is 21006419939 a composite number?
False
Is 755625473 prime?
True
Is 5827103123 a composite number?
False
Is 1621666777 composite?
True
Is 133361849 prime?
True
Is 981236683 a prime number?
False
Is 944078467 a composite number?
False
Is 2359284793 composite?
False
Is 8787453443 prime?
True
Is 10239710023 a prime number?
True
Is 742152655 a prime number?
False
Is 2311063721 prime?
True
Is 663046001 prime?
False
Is 3836528863 a composite number?
False
Is 479963317 a prime number?
True
Is 22350322171 prime?
True
Is 19879641763 a prime number?
False
Is 972213757 composite?
True
Is 22155955807 a prime number?
True
Is 38985803051 composite?
True
Is 3184971469 a composite number?
True
Is 22461021397 composite?
True
Is 473702198 a prime number?
False
Is 300524767399 composite?
True
Is 4295459947 a composite number?
True
Is 962778121 prime?
False
Is 55275858283 prime?
True
Is 4381963561 prime?
True
Is 351423771 prime?
False
Is 12991700269 composite?
True
Is 90009021131 a composite number?
False
Is 19841329162 a prime number?
False
Is 5783464979 a prime number?
True
Is 703692551 prime?
False
Is 22763771497 a composite number?
True
Is 88523101 composite?
False
Is 33950227 a composite number?
False
Is 147665810199 prime?
False
Is 499164383 a prime number?
True
Is 7370428337 prime?
False
Is 14350906669 a composite number?
True
Is 961777589 a composite number?
False
Is 2935718663 prime?
False
Is 10639811681 composite?
False
Is 3079979167 composite?
False
Is 100275130115 a prime number?
False
Is 7253414569 composite?
False
Is 138682601 a composite number?
False
Is 665364103 composite?
True
Is 4218457179 composite?
True
Is 19592867681 composite?
False
Is 140212081 composite?
True
Is 13242943859 a prime number?
False
Is 5083808217 a prime number?
False
Is 1181574133 prime?
True
Is 1420584661 composite?
False
Is 1450934263 a prime number?
True
Is 71996666567 a prime number?
False
Is 1434196613 composite?
True
Is 105424229 composite?
True
Is 2833251529 a composite number?
False
Is 7202754289 composite?
True
Is 43678499339 prime?
False
Is 11794233019 a prime number?
False
Is 10339366963 composite?
False
Is 18854159959 a prime number?
False
Is 113359610009 composite?
False
Is 527755819 a